 r(m) = 2*m**2 + 40*m - 18. Give r(-20).
-18
Let p(j) = 2*j**2 + 6*j + 6. Give p(-4).
14
Let p(k) = 9*k - 22. Calculate p(6).
32
Let o(f) = -f - 21. Give o(-15).
-6
Let m(l) = -l**2 + 59*l + 1109. Determine m(-15).
-1
Let g(n) = -n**3 + 7*n**2 - 3*n - 2. What is g(7)?
-23
Let g(r) = 69*r - 1. What is g(1)?
68
Let l(p) = 10*p + 22. Give l(0).
22
Let w(i) = i**3 - 7*i**2 - 10*i + 5. What is w(8)?
-11
Let z(c) = -14*c + 35. What is z(3)?
-7
Let g(u) = -12*u - 26. Calculate g(-6).
46
Let v(k) = k**3 + 5*k**2 - 6*k. Give v(-6).
0
Let q(f) = -3*f + 4. Give q(-3).
13
Let d(f) = -f**2 - 4*f + 4. Determine d(2).
-8
Let u(k) = -9*k + 29. Calculate u(3).
2
Let y(n) = 2*n**2 - 14*n + 11. Give y(7).
11
Let z(g) = g**3 + 6*g**2 + 2*g - 1. Give z(-5).
14
Let b(u) = -2*u + 13. Determine b(13).
-13
Let w(c) = -2*c**2 - 26*c - 15. Calculate w(-12).
9
Let h(j) = 41*j + 16. Calculate h(-1).
-25
Let l(r) = 45*r + 88. What is l(-2)?
-2
Let c(f) = -f**2 - 3*f + 11. Calculate c(-5).
1
Let r(h) = h**3 - 8*h**2 + 6*h + 5. Determine r(7).
-2
Let y(u) = u**2 + 23*u + 19. Determine y(-8).
-101
Let y(j) = -j**2 - 7*j - 3. Give y(-6).
3
Let w(i) = -i**2 + i + 3. What is w(3)?
-3
Let o(d) = d**3 + 5*d**2 - 2*d + 3. What is o(-6)?
-21
Let l(o) = -o**3 - 6*o**2 - o - 2. Calculate l(-6).
4
Let s(k) = k - 6. Calculate s(-7).
-13
Let x(v) = -2*v**2 + 2*v - 1. Give x(1).
-1
Let u(c) = c**2 - 6*c - 10. Give u(6).
-10
Let c(s) = 10*s**2 + s - 16. What is c(5)?
239
Let f(w) = -w**3 - 7*w**2 + 7*w - 14. Give f(-8).
-6
Let k(x) = -x**3 + x**2 + 14*x - 4. Calculate k(4).
4
Let r(u) = 12*u + 1. Calculate r(4).
49
Let i(v) = -2*v**2 - v + 3. Determine i(1).
0
Let j(f) = 6*f - 49. Determine j(7).
-7
Let q(w) = w**2 + 9*w - 8. Determine q(-9).
-8
Let j(n) = -33*n + 18. What is j(-1)?
51
Let u(c) = 3*c + 9. Calculate u(-5).
-6
Let p(w) = 2*w - 23. What is p(9)?
-5
Let n(j) = j**2 - 7*j - 44. Give n(11).
0
Let n(j) = -2*j + 22. Determine n(12).
-2
Let w(z) = -4*z. Calculate w(-2).
8
Let y(x) = x + 40. What is y(-38)?
2
Let d(j) = -2*j + 5. Calculate d(2).
1
Let h(q) = q - 7. Calculate h(0).
-7
Let u(x) = 3*x**2 - 23*x + 18. Determine u(9).
54
Let x(r) = r**2 - 5*r - 25. Determine x(8).
-1
Let k(i) = i**2 + 26*i + 42. Calculate k(-24).
-6
Let g(v) = v**2 + 7*v - 2. Give g(-7).
-2
Let j(r) = -42*r + 10. Calculate j(-2).
94
Let v(r) = r + 1. Calculate v(-20).
-19
Let d(h) = -h**3 - h**2 + h + 10. Calculate d(0).
10
Let f(d) = d**2 - 3*d - 40. Determine f(8).
0
Let g(r) = -r**3 - 2*r**2 + 26*r + 9. Determine g(-6).
-3
Let m(y) = -3*y**2 + 18. What is m(-5)?
-57
Let f(q) = -19*q - 186. Determine f(-10).
4
Let p(f) = f**3 + 6*f**2 + 10*f + 56. Calculate p(-6).
-4
Let v(t) = -59*t + 180. Calculate v(3).
3
Let o(d) = -11*d + 77. Calculate o(13).
-66
Let t(v) = 3*v - 5. What is t(0)?
-5
Let u(k) = -3*k + 2. Calculate u(3).
-7
Let n(h) = 10*h**2 + 2*h - 1. What is n(2)?
43
Let t(h) = 2*h**2 - 4. Give t(-2).
4
Let t(u) = u**2 + 6*u + 8. What is t(-10)?
48
Let i(j) = 5*j**2 - 3*j + 3. What is i(2)?
17
Let f(n) = -n**3 - 7*n**2 - 6*n - 5. Calculate f(-6).
-5
Let c(y) = -y**2 + 10*y + 19. What is c(11)?
8
Let y(h) = 9*h + 85. Calculate y(-11).
-14
Let h(k) = -k**3 - 8*k**2 - 3*k + 2. Give h(-4).
-50
Let a(l) = 6*l + 15. Determine a(4).
39
Let f(u) = -u**2 + 14*u + 8. Give f(13).
21
Let z(m) = m**3 - 24*m**2 + 23*m + 10. What is z(23)?
10
Let n(z) = z**3 + 11*z**2 + 11*z + 8. Give n(-10).
-2
Let f(d) = -d**3 + 5*d**2 - 7*d + 9. What is f(4)?
-3
Let h(r) = r**3 - 15*r**2 - 18*r + 6. Calculate h(16).
-26
Let f(u) = -u**2 - 10*u - 24. Calculate f(-6).
0
Let v(i) = 2*i**2 - 23*i - 39. Give v(12).
-27
Let z(g) = 7*g**2 + 64*g + 18. Determine z(-8).
-46
Let h(s) = -s**3 - 2*s**2 - 5*s. What is h(-4)?
52
Let n(r) = -r**3 + r**2 + 3*r. Determine n(-2).
6
Let h(o) = 18*o - 47. Calculate h(4).
25
Let h(o) = -o**2 - 16*o - 34. Give h(-14).
-6
Let k(f) = f**3 + 3*f + 3. Calculate k(-2).
-11
Let y(q) = -6*q + 28. Determine y(8).
-20
Let x(v) = 15*v + 290. Calculate x(-19).
5
Let b(r) = -r**2 - 37*r + 29. Determine b(-38).
-9
Let g(r) = -4*r - 23. What is g(-9)?
13
Let s(f) = 3*f**3 - 11*f**2 + 7*f - 9. Determine s(3).
-6
Let i(f) = -f - 11. Determine i(-2).
-9
Let n(j) = 9*j - 119. Give n(13).
-2
Let x(a) = 3*a**2 - 90*a + 20. Calculate x(28).
-148
Let k(m) = -m**3 - 17*m**2 + 20*m + 17. What is k(-18)?
-19
Let g(h) = -11*h - 3. Give g(-2).
19
Let a(f) = f**3 + 4*f**2 - 3*f. Calculate a(-4).
12
Let y(m) = -5*m + 110. Determine y(18).
20
Let t(a) = -11*a**2 + 2. Calculate t(-2).
-42
Let u(t) = 2*t**2 + 80*t - 94. Give u(-41).
-12
Let z(t) = -3*t - 5. Calculate z(6).
-23
Let h(f) = f**2 + 6*f + 5. What is h(-7)?
12
Let p(j) = -j**2 + 7*j + 4. What is p(7)?
4
Let y(m) = -m**3 - 13*m**2 - 15*m - 31. Determine y(-12).
5
Let x(u) = -2*u. Give x(-3).
6
Let c(b) = 4*b**3 - 2*b**2 - 2*b + 2. What is c(2)?
22
Let k(z) = 3*z + 59. What is k(-17)?
8
Let y(t) = t**3 + 11*t**2 + 8*t - 5. Give y(-10).
15
Let a(p) = -p + 7. What is a(-8)?
15
Let h(f) = -2*f**2 - f - 16. Determine h(0).
-16
Let n(j) = 14*j + 9. What is n(3)?
51
Let i(k) = 18*k**3 - 7*k**2 + k. Give i(1).
12
Let u(g) = -2*g**3 - 36*g**2 - 34*g - 6. Determine u(-17).
-6
Let i(o) = -26*o + 472. Give i(18).
4
Let r(i) = 2*i + 1. Determine r(5).
11
Let s(l) = l**3 - 9*l**2 - 12*l + 10. Give s(10).
-10
Let y(p) = -p**2 - 20*p - 51. Determine y(-19).
-32
Let a(f) = -3*f + 14. Calculate a(0).
14
Let r(w) = w + 3. Give r(8).
11
Let t(x) = x**3 - 5*x**2 + 5*x - 14. Give t(4).
-10
Let v(j) = -j**3 + 9*j**2 + 13*j - 25. Calculate v(10).
5
Let h(o) = -6*o + 15. Calculate h(-7).
57
Let n(r) = 3*r**2 - 27*r + 4. Calculate n(8).
-20
Let z(n) = 2*n + 7. Determine z(-6).
-5
Let h(c) = 7*c - 19. Give h(6).
23
Let z(p) = 6*p**2 - 204*p - 2. Calculate z(34).
-2
Let b(k) = k**3 - 16*k**2 + 29*k - 7. Give b(14).
7
Let q(c) = 57*c**2 - 1. Give q(1).
56
Let c(o) = 2*o**3 - 2*o + 21. Give c(0).
21
Let w(l) = l + 54. Give w(36).
90
Let l(v) = v**3 + 7*v**2 - 4*v + 29. What is l(-8)?
-3
Let w(l) = -3*l**2 - 35*l + 21. Give w(-13).
-31
Let y(l) = l**3 + 9*l**2 + 17*l + 17. Determine y(-7).
-4
Let o(d) = -d**2 - 19*d. Calculate o(-19).
0
Let a(j) = j**3 + 4*j**2 + 2*j + 4. Give a(4).
140
Let g(f) = 2*f**3 - 4*f**2 - f + 14. Determine g(3).
29
Let i(o) = 15*o - 106. Determine i(8).
14
Let y(i) = 3*i - 7. What is y(7)?
14
Let z(m) = -m**2 + 3*m + 1. Calculate z(-4).
-27
Let a(p) = p**2 + 3*p - 4. Calculate a(2).
6
Let o(y) = y**2 - 14*y + 11. Give o(12).
-13
Let m(h) = -h**3 + 4*h**2 + 15*h - 5. Calculate m(6).
13
Let c(y) = y**3 + 3*y**2 - 2*y + 3. Calculate c(-4).
-5
Let c(u) = -4*u + 7. Calculate c(16).
-57
Let p(i) = 2*i + 32. Give p(-9).
14
Let m(x) = x + 18. What is m(-21)?
-3
Let h(i) = 24*i - 143. Calculate h(6).
1
Let o(l) = -l**3 + 5*l**2 + l + 1. What is o(3)?
22
Let o(n) = 4*n - 19. What is o(8)?
13
Let t(l) = -l - 19. Calculate t(-23).
4
Let b(q) = 5*q**2 - 18*q + 1. Give b(3).
-8
Let k(j) = -13*j + 367. Calculate k(28).
3
Let z(b) = b**2 - 63*b + 604. What is z(51)?
-8
Let q(s) = -s**2 - 117. What is q(0)?
-117
Let h(s) = -s**2 + 27*s + 162. Calculate h(-5).
2
Let i(k) = 9*k - 15. Determine i(-2).
-33
Let z(j) = -j**3 + 10*j**2 - 2*j + 3. What is z(9)?
66
Let c(b) = -2*b**2 + 5*b + 1. Calculate c(4).
-11
Let r(y) = 3*y**3 - y + 1. Give r(1).
3
Let t(n) = n**2 + 30*n - 25. Calculate t(-31).
6
Let t(j) = 2*j**2 - 26*j - 43. Give t(14).
-15
Let d(f) = -5*f**3 + 2*f - 3. Give d(1).
-6
Let y(q) = q**3 - q**2 - 20. Give y(0).
-20
Let z(y) = 7*y - 1. What is z(-1)?
-8
Let n(m) = -24*m + 1. Determine n(1).
-23
Let b(m) = 2*m - 17. Give b(11).
5
Let s(j) = -12*j + 223. Give s(18).
7
Let c(x) = 8*x - 66. Calculate c(9).
6
Let c(x) = -2*x - 16. What is c(6)?
-28
Let n(l) = 10*l - 2. What is n(-1)?
-12
Let m(d) = d**3 - 12*d**2 + 12*d - 7. Determine m(11).
4
Let o(p) = p**3 - 12*p**2 + 2*p - 5. Determine o(12).
19
Let c(g) = -g**3 + 8*g**2 + g + 4. Determine c(8).
12
Let w(r) = -4*r**2 + 1. Give w(-2).
-15
Let i(h) = 2*h**3 + 3*h**2 - 2*h + 1. Give i(-2).
1
Let n(c) = -c**2 - 10*c + 2. Determine n(-10).
2
Let k(d) = -6*d - 17. Give k(-6).
19
Let p(u) = -u - 12. Give p(-2).
-10
Let d(p) = -p**3 - 5*p**2 + 6*p - 3. What is d(-7)?
53
Let y(j) = j**2 + 15*j + 22. Give y(-15).
22
Let h(i) = -i**3 + 